v - 780. Calculate h(-24).
-36
Let n(x) = 4*x**3 - 18*x**2 + 22*x - 50. Determine n(3).
-38
Let i(d) = -10564*d + 52827. Calculate i(5).
7
Let l(i) = 15*i**3 + 307*i**2 + 173*i - 60. What is l(-20)?
-720
Let z(k) = k**3 - 1324*k**2 + 11929*k + 12. Calculate z(9).
858
Let s(t) = 42742*t - 769442. Calculate s(18).
-86
Let k(n) = 43*n**2 + 155*n - 6252. What is k(-14)?
6
Let o(p) = p**3 + 33*p**2 - 294*p - 9681. Calculate o(-33).
21
Let r(u) = -u**3 - 18*u**2 + 1437*u + 5979. Determine r(-4).
7
Let v(t) = -978*t**3 - 8799*t**2 + 31*t + 34. Calculate v(-9).
-2
Let c(p) = 3*p**3 - 7*p**2 - 1805*p + 5415. Give c(3).
18
Let r(n) = -8616*n - 568640. Determine r(-66).
16
Let z(c) = 71*c**2 + 2140*c - 2140. What is z(1)?
71
Let c(j) = 2*j**2 + 2380*j - 16595. Determine c(7).
163
Let s(i) = 3368*i - 40760. Determine s(12).
-344
Let p(y) = -y**3 - 39*y**2 + 300*y + 4157. Give p(-43).
-1347
Let y(k) = 464*k - 14685. What is y(32)?
163
Let m(y) = y**3 - 394*y**2 - 22*y + 8819. Calculate m(394).
151
Let u(k) = -k**3 + 223*k**2 + 3265*k - 4573. What is u(-15)?
2
Let j(u) = -u**2 - 71830*u + 14. Calculate j(0).
14
Let j(b) = 737*b - 1455. Determine j(5).
2230
Let m(s) = s**3 + 24*s**2 - 656. What is m(-23)?
-127
Let j(p) = 11*p**3 - 4*p**2 - 71*p - 442. What is j(-5)?
-1562
Let z(u) = -u**3 + 40*u**2 + 217*u - 8620. Determine z(40).
60
Let p(j) = -315*j - 12251. What is p(-39)?
34
Let r(s) = s**3 - 177*s**2 - 3528*s + 3. What is r(-18)?
327
Let z(y) = 181*y**2 + 2820*y - 1213. Calculate z(-16).
3
Let l(d) = -17*d**3 - 134*d**2 + 392*d + 15. What is l(3)?
-474
Let u(m) = -169*m + 15258. Calculate u(94).
-628
Let p(y) = -2*y**3 - 107*y**2 - 5903*y - 321686. Calculate p(-54).
-8
Let u(g) = -g**3 - 36*g**2 + 115*g + 4082. Determine u(-36).
-58
Let s(m) = -m**3 - 2*m**2 + 9*m + 34. What is s(-3)?
16
Let o(n) = -1700*n - 2771. Determine o(-2).
629
Let z(v) = -2*v**3 + 107*v**2 - 358*v - 117. What is z(50)?
-517
Let o(j) = -765*j + 11569. Calculate o(15).
94
Let k(m) = -5*m**2 + 615*m + 170221. Calculate k(256).
-19
Let b(y) = -y**2 + 334550*y + 7360574. Determine b(-22).
-10
Let y(i) = 50*i**3 - 150*i**2 - 145*i + 452. What is y(3)?
17
Let p(v) = 2*v**3 + 130*v**2 - 788*v - 34866. What is p(-67)?
-26
Let g(f) = -3*f**2 + 6043*f + 30297. Give g(-5).
7
Let w(u) = u**3 + 879*u**2 + 8688*u - 1743. What is w(-869)?
-5
Let s(r) = 3200*r + 48030. What is s(-15)?
30
Let m(z) = z**3 - 30*z**2 - 15400*z - 246. Determine m(140).
-246
Let t(q) = -19*q**3 - 59*q**2 - 31*q - 376. Give t(-4).
20
Let p(m) = -278*m - 4212. Calculate p(-15).
-42
Let y(z) = 230*z - 7576. Determine y(36).
704
Let m(q) = -q**2 - 33*q + 583. What is m(-51)?
-335
Let p(o) = -o**3 - 45*o**2 + 255*o + 6049. Calculate p(-10).
-1
Let q(y) = y**2 - 416758*y + 3333994. Determine q(8).
-6
Let y(f) = f**3 - 18*f**2 - 13*f + 142. Give y(12).
-878
Let m(s) = 265015*s - 2385135. Calculate m(9).
0
Let j(g) = 2*g**3 + 153*g**2 - 395*g + 7. Determine j(-79).
7
Let r(p) = p**3 - 192*p**2 + 573*p + 33725. Determine r(188).
73
Let p(a) = -a**3 + 18*a**2 - 44*a - 169. What is p(16)?
-361
Let c(n) = 1338*n - 4276. What is c(3)?
-262
Let v(n) = -n**3 + 90*n**2 + 1580*n - 161. Determine v(105).
364
Let h(y) = 2*y**2 + 936*y - 9492. Determine h(10).
68
Let g(n) = 36*n - 680. Determine g(27).
292
Let t(i) = i**2 - 81*i + 1175. Determine t(66).
185
Let b(z) = -z**3 + 414*z**2 - 2128*z + 410. Give b(5).
-5
Let a(d) = -4*d**3 + 15*d**2 - 33*d - 22. Determine a(3).
-94
Let n(u) = 29*u**3 + 6408*u**2 - 175*u + 10174. Give n(-221).
8
Let l(z) = 3754*z - 4220. Determine l(1).
-466
Let i(f) = f**3 + 643*f**2 + 463*f + 297634. Determine i(-643).
-75
Let n(x) = -9*x**2 - 494*x - 973. Determine n(-53).
-72
Let n(g) = 21708*g - 43376. Calculate n(2).
40
Let i(l) = -13*l**2 - 1981*l + 65. What is i(-153)?
-1159
Let d(y) = 16993*y + 49199. What is d(-3)?
-1780
Let i(s) = -6*s**2 + 5908*s + 90046. Give i(-15).
76
Let k(c) = 207*c - 552. Calculate k(13).
2139
Let d(a) = -47*a**3 + 1188*a**2 - 311*a - 355. Give d(25).
-5
Let w(q) = -1947*q - 6482. What is w(-3)?
-641
Let i(w) = 961*w + 1992. Give i(-2).
70
Let t(r) = 3334*r + 240033. Give t(-72).
-15
Let k(j) = -15*j**3 + 6*j**2 + 621*j + 603. What is k(-1)?
3
Let f(l) = -2059*l - 1050104. Determine f(-510).
-14
Let y(i) = -i**2 + 2792*i + 47864. What is y(-17)?
111
Let a(v) = 3*v**2 - 132*v + 1261. Give a(41).
892
Let v(i) = -11248*i - 1450999. Give v(-129).
-7
Let m(z) = -2*z**2 - 126*z - 664. Give m(-83).
-3984
Let a(t) = 2*t**3 - 8*t**2 - 2227*t + 8892. Calculate a(4).
-16
Let x(y) = 2120*y - 184429. Determine x(87).
11
Let z(v) = -11*v**3 - 3*v**2 - 55*v + 220. Calculate z(3).
-269
Let s(c) = 11*c**2 + 153*c - 228. Calculate s(-9).
-714
Let h(m) = -60*m**3 - 54*m**2 + 73*m + 142. Calculate h(-2).
260
Let q(f) = f**2 - 1328*f + 181821. What is q(155)?
6
Let r(s) = -3*s**3 + 548*s**2 - 368*s + 800. Determine r(182).
72
Let y(p) = -63*p**2 + 13904*p + 4193. Give y(221).
-6
Let b(m) = -1582*m + 51639. Calculate b(35).
-3731
Let w(t) = 3*t**2 - 1041*t + 85911. Give w(207).
-1029
Let k(g) = g**3 + 116*g**2 + 11*g + 634. What is k(-116)?
-642
Let w(m) = 4*m**3 - 216*m**2 + 611*m + 47. Give w(51).
-4
Let c(o) = -o**3 + 26*o**2 + 2811*o + 3058. Give c(68).
-2
Let k(z) = -2*z**3 - 188*z**2 + 765*z + 44. Calculate k(4).
-32
Let k(b) = -3*b**2 - 6078*b + 24335. What is k(4)?
-25
Let a(u) = -u**2 - 362*u + 32411. Give a(72).
1163
Let n(r) = -188*r**2 - 7891*r + 222. Calculate n(-42).
12
Let w(l) = -2867*l - 1258592. Calculate w(-439).
21
Let n(y) = 5*y**2 - 1502*y - 143001. What is n(-76)?
31
Let h(n) = 2*n**3 + 931*n**2 + 581*n + 53957. What is h(-465)?
17
Let q(y) = -y**3 + 17*y**2 + 192*y - 54. What is q(25)?
-254
Let p(r) = r**2 + 215*r + 11379. Give p(-126).
165
Let f(i) = -38252*i + 2333369. What is f(61)?
-3
Let k(u) = 590*u**3 + 4*u**2 - 156*u + 154. Give k(1).
592
Let t(y) = 5*y**3 - 45*y**2 + 918*y - 7180. What is t(8)?
-156
Let a(o) = -1156*o - 15083. Give a(-12).
-1211
Let r(g) = -4*g**2 + 1754*g + 100988. Calculate r(490).
48
Let q(l) = -l**3 - 34*l**2 - 129*l - 4333. Determine q(-34).
53
Let f(a) = a**3 - 33*a**2 + 221*a - 7309. Calculate f(33).
-16
Let g(i) = -20435*i - 653928. Give g(-32).
-8
Let n(a) = -a**3 + 38*a**2 - 56*a + 165. Determine n(36).
741
Let d(b) = 3*b**2 - 428*b + 11771. What is d(32)?
1147
Let g(c) = c**3 - 50*c**2 + 561*c - 13. Determine g(19).
-545
Let y(a) = -54*a**2 - 287*a - 1326. Give y(-6).
-1548
Let u(k) = 61*k**2 - 672*k - 3387. Calculate u(-5).
1498
Let x(f) = -964*f + 305423. Calculate x(317).
-165
Let r(a) = -18*a**2 - 2694*a - 13262. Determine r(-5).
-242
Let f(c) = c**2 - 86*c + 368. What is f(6)?
-112
Let d(o) = 66*o + 1450. Calculate d(6).
1846
Let t(b) = 2*b**3 + 54*b**2 - 75*b - 393. What is t(-28)?
139
Let k(l) = l**3 + 50*l**2 - 271*l + 244. Give k(-55).
24
Let l(h) = -95983*h + 767838. Calculate l(8).
-26
Let w(b) = 222*b + 3479. Give w(-16).
-73
Let k(w) = -w**2 + 335*w - 6586. What is k(313)?
300
Let c(b) = 1689*b + 109740. What is c(-65)?
-45
Let y(i) = -32634*i + 15892764. Give y(487).
6
Let v(m) = 3381*m + 81147. Calculate v(-24).
3
Let r(l) = l**2 - 68*l - 971. What is r(81)?
82
Let z(p) = -p**3 - 184*p**2 + 138*p - 8753. Calculate z(-185).
-58
Let p(d) = d**3 + 16*d**2 - 26779*d - 375360. Give p(-14).
-62
Let t(o) = 24969*o + 2222242. Give t(-89).
1
Let u(t) = -t**2 + 171*t + 2004. Give u(-15).
-786
Let q(d) = -6*d**2 - 107*d + 99. Determine q(-19).
-34
Let d(u) = 158*u**2 + 579*u + 324. Calculate d(-3).
9
Let v(m) = -401*m - 83026. Calculate v(-207).
-19
Let p(v) = -v**3 + 129*v**2 - 611*v - 45. Give p(5).
0
Let d(c) = -14920*c - 178969. Give d(-12).
71
Let v(y) = y**3 + 74*y**2 + 991*y + 61017. What is v(-72)?
33
Let w(r) = r**2 + 103*r - 8003. Give w(52).
57
Let c(l) = 171785*l + 13571017. What is c(-79)?
2
Let y(l) = 269564*l - 1. What is y(0)?
-1
Let b(y) = -1539*y - 42824. Calculate b(-28).
268
Let i(g) = -4*g**3 - 22*g**2 - 46*g - 172. What is i(-5)?
8
Let j(q) = q**3 + 33*q**2 - 141*q + 3692. Determine j(-39).
65
Let h(j) = -1928*j + 576431. Determine h(299).
-41
Let b(f) = -f**3 - 20*f**2 + 2906*f + 55557. Calculate b(-19).
-18
Let r(o) = -o**3 - 69*o**2 - 588*o + 1234. What is r(-59)?
1116
Let a(k) = -11673*k - 338495. Determi